-19). Suppose 72 = -3*a - 3*o, -4*a - 91 = 4*o + o. Let h = a - f. Is h a prime number?
True
Suppose -4*z + 9131 = -2*g - 547, 3*z + 4*g = 7275. Let d = -758 + z. Is d prime?
True
Let v(r) = 2*r**2 + 20*r - 1. Let w = -9 + -6. Is v(w) composite?
False
Let m = 11375 + -6648. Is m composite?
True
Let i = 1628 - 1105. Is i composite?
False
Let f(m) = 8*m**3 - m**2 - 2*m + 2. Let t be (4/2)/(10/5). Let b be f(t). Let q = b + 2. Is q a prime number?
False
Suppose -3*d + 3*m = -211905, 0 = -4*d - 131*m + 127*m + 282572. Is d a prime number?
True
Suppose 1417 = 2*z + 23. Is z composite?
True
Let s be (-19)/2*(-6156)/6. Suppose 4*a + x = 7794, -9*x = -5*a - 8*x + s. Is a a prime number?
True
Let t(x) = 276*x - 289. Is t(43) a prime number?
True
Let y = -14 - -20. Let h = 11 - y. Is 307*(-2 + -2 + h) a prime number?
True
Let n(s) be the first derivative of s**4 - 2*s**3/3 + 19*s**2/2 + 5*s - 48. Is n(6) composite?
False
Let p(n) = 334*n - 39. Is p(17) prime?
True
Let g(z) = z**3 + 4*z**2 - 8*z + 10. Let v be 0 + (24/(-60) - (-44)/10). Is g(v) composite?
True
Suppose 5*i - 3 = 3*m, 0 = 5*i - m - 16 + 5. Suppose -2*n - 8 = 0, 3*c = -2*n + n + 2. Suppose -c*t + 530 = i*t. Is t composite?
True
Let h(a) = -30*a + 41. Is h(-23) a prime number?
False
Suppose 35*z = 29*z + 4782. Is z a prime number?
True
Suppose 1 = 2*n + a - 8, -n - 8 = -2*a. Suppose -5 = n*b + b + 4*g, -2*g = -2*b + 6. Is 16 + 3 + -1 + b prime?
True
Is ((-23367)/(-6))/((-16)/(-32)) composite?
False
Suppose 0 = -5*r + y + 20, -4*r - y = -0*y - 7. Let c be 6927/(-3)*(0 - (7 + -6)). Suppose -r*k + c = 3*z - z, 2*z = k - 759. Is k composite?
True
Let w(h) = 209*h + 2 - 1 - 204*h. Let c be w(-3). Let v(b) = 4*b**2 + 16*b + 19. Is v(c) a prime number?
False
Let u = 15610 + -10965. Is u a composite number?
True
Let k = -30 + 23. Let x(v) = -v**3 + 7*v**2 - 2*v - 1. Is x(k) prime?
False
Suppose 0 = g + 3*p - 10998, -2*g - 3*p - 11028 = -3*g. Is g prime?
False
Suppose -7 + 32 = 4*i - 5*n, 3*n = -3. Suppose 276 - 21 = i*d. Is d composite?
True
Suppose -2*z = -z - 6. Let g be z*(-3)/(-6) - 1. Suppose -3*p = 2*i - 146, -3*i + g*p + p = -189. Is i prime?
True
Suppose 33*c - 185572 = -c. Is c a prime number?
False
Suppose -4*i + 9*i = 3*v - 1, 0 = -3*i - 3*v + 9. Suppose y - 4 = -i. Suppose -q + 0*q = -y. Is q a composite number?
False
Let v(p) = 3729*p**2 + 56*p - 11. Is v(2) prime?
True
Suppose -2*g - 2*g + 48 = 0. Suppose 0 = -g*y - 6*y + 81846. Is y prime?
True
Suppose 0 = 14*o - 6*o - 5192. Suppose -18 + 6 = -3*z, -t + o = 4*z. Is t prime?
False
Suppose n = -7 + 11. Is 45/6*(4584/9)/n a composite number?
True
Let j = 1094 + -25. Is j prime?
True
Let d = 3 - 0. Suppose -h = d*h - 28. Suppose 2*v + 2*r = h*r + 70, -4*v + 108 = -2*r. Is v prime?
False
Suppose 3*q = t + 610, -q - 6*t + 5*t + 202 = 0. Is q a composite number?
True
Suppose 3 = 3*x - 3. Let s(p) = -61*p - 8. Let j(t) = 62*t + 9. Let k(h) = x*s(h) + 3*j(h). Is k(5) a composite number?
False
Let y(j) = -3*j + 20. Let b be y(5). Suppose -2*z = -3*f - 878, -5*f + 360 = -b*z + 2555. Is z prime?
True
Let q = 64906 - 37577. Is q a prime number?
True
Suppose 2*n + 1038 = 9220. Is n prime?
True
Let x(h) = -12*h - 67. Let o be x(-20). Suppose -t + f + o = t, -5*f = 5*t - 410. Is t prime?
False
Let q be 4/8*6522 + 1. Suppose 0*k = -2*k + q. Is k composite?
True
Let n(i) = -38*i + 41. Is n(-21) a prime number?
True
Is 3677475/150 + (-2)/(-4) a composite number?
False
Suppose -26528 = -7*l + 66341. Is l prime?
True
Let a be -2*6*4/6. Let y be ((-8)/12)/(a/(-132)). Let d = y - -76. Is d a composite number?
True
Let y(r) = -598*r - 989. Is y(-12) a composite number?
True
Suppose -5*d = 2*u + 8, -3*u - 14 = -3*d - 2. Let m(l) = 3*l + 9. Let t be m(d). Suppose 0 = c - t*c + 3752. Is c composite?
True
Suppose -3*h = 2*o + 1747, 5*h + 0*o + 3*o = -2911. Suppose 4*x = -2*r - 640, 8*r + 1300 = 4*r - 4*x. Let p = r - h. Is p composite?
False
Suppose -3*t - 2*v = -8*t + 5866, 2*t - 2*v = 2344. Is t a prime number?
False
Suppose 5*h - 2*y = 70249 - 21376, -2*h + 5*y = -19566. Is h a prime number?
False
Let g(x) be the third derivative of x**6/40 + 3*x**4/8 - 11*x**3/6 + 33*x**2. Is g(6) a prime number?
True
Let v(q) be the second derivative of -73*q**3/3 + 9*q**2/2 - 23*q. Is v(-14) a composite number?
False
Let r = 2258 + 3713. Is r a composite number?
True
Let q = 35 + -20. Let r(k) = -2*k - 8. Let v(z) = -6*z - 15. Let j(l) = 7*r(l) - 3*v(l). Is j(q) prime?
False
Let y be (-1)/(22/24 - 1). Let l be y/2 - (-3 + 6). Suppose 4*h = -4*q + 92, 4*h - l*q - 59 - 33 = 0. Is h a prime number?
True
Let i be -3 - (-4)/8*-4. Let m be (i/10)/((-2)/(-16)). Is (-1 + -45)/(m + 2) prime?
True
Suppose o + 1195 = -519. Let a = o - -2511. Is a prime?
True
Suppose -5*u - 11 + 1 = -5*z, 0 = 4*u + 4*z. Is ((-55)/10 - -5)/(u/822) a composite number?
True
Let x = 64 - 183. Let s = x + 152. Is s a composite number?
True
Let d = 172 - 167. Suppose 5*r - 4*k = 9835, 6*k + 5901 = 3*r + d*k. Is r composite?
True
Let y(k) = 2581*k - 227. Is y(6) prime?
True
Let d = 404 + 285. Is d prime?
False
Is ((227570/7)/(-2))/(3/(-3)) a prime number?
False
Suppose -590 = -0*v - 5*v. Let i = v + -35. Is i a composite number?
False
Let r = 964 - 753. Is r a prime number?
True
Suppose 0 = 5*y - 4*d - d + 20, d = 1. Let u be (y/5)/(-1)*15. Is 6/u + 3025/3 a prime number?
True
Let y = 1 + -8. Let n be ((-4)/3)/(y/(-21)). Is ((-658)/(-4))/(n/(-8)) a prime number?
False
Let v = 20440 - 1107. Is v a composite number?
False
Suppose -17*l + 82629 + 89632 = 0. Is l composite?
False
Let j(c) = 10 - 4*c + 4*c + 0 + 9*c. Is j(3) composite?
False
Let w(i) = 2*i**3 + i**2 + 30*i - 16. Is w(13) a prime number?
True
Let m(k) = k**3 + k**2 - 5*k - 15. Let q(c) = 2*c**3 + 3*c**2 - 10*c - 30. Let r(l) = 5*m(l) - 3*q(l). Is r(-7) a prime number?
True
Let o be 8/36 + 415/(-45). Let r be 0*(o/(-6) + -2). Suppose r = -t - 4 + 69. Is t prime?
False
Suppose -2*s = -633 - 6697. Suppose 3 = -2*f + 3*f. Suppose 5*u - s = -5*h, 5*h - f*h = -8. Is u composite?
True
Suppose -108534 = 42*c - 48*c. Is c a prime number?
True
Let s be 6/(3 - 33/9). Let q = s + 10. Is 3*q/6*158 a composite number?
False
Let g(n) = -3*n - 2. Let i be g(-2). Suppose -628 = -i*d + 384. Is d prime?
False
Let k = 24 + 533. Is k a prime number?
True
Let l(g) = 16278*g**2 + 101*g + 1. Is l(2) prime?
False
Suppose 129 = -8*o + 9*o + 2*s, -4*o + 507 = -s. Is o composite?
False
Suppose -3*a + 18 = 4*z, z = a - 4*z + 13. Suppose 309 = a*v - 449. Is v prime?
True
Suppose b - 5*b = 3*v - 8, 0 = -2*v - b + 7. Let l(o) = -2*o**2 - 65*o - 57. Let w be l(-28). Suppose 0 = c - 2*n - w, -v*c = c - 4*n - 945. Is c prime?
False
Suppose -i = -5282 - 3359. Is i a prime number?
True
Let a(w) = w**3 + 16*w**2 - 22*w - 8. Let t be 4/10 + 308/55. Suppose -3*s = 57 - t. Is a(s) a prime number?
False
Let u = 2564 - 626. Suppose 0 = 3*r - 6*r - 2*m + 2899, -2*r + u = 4*m. Is r prime?
False
Suppose -k = -4*m + 230227, -2*m = -0*m + 5*k - 115119. Is m composite?
False
Suppose -156819 = -5*w + 4*q, -w - 3*q + 7*q + 31351 = 0. Is w composite?
True
Suppose 5*t - 95136 = -5*y + 39644, -3*y = 5*t - 134786. Is t a prime number?
True
Let w(y) = 1856*y**2 + 13*y + 5. Is w(-4) a prime number?
False
Let m = 481 + 3610. Is m composite?
False
Is 36/(-54) - 36461/(-3) a prime number?
False
Let p = 1025 + -324. Is p a composite number?
False
Let p(n) = -2*n**2 - 113*n - 82. Is p(-37) prime?
True
Suppose 6*w - 3*w = 1062. Suppose 20*p + w = 22*p. Is p a prime number?
False
Suppose 0 = -4*g + 2*w - 6, w - 2*w = -5*g - 6. Let d be g + 429 + 6/(-3). Suppose -3*v - 45 = -d. Is v composite?
False
Suppose 19034 = 2*y - 4*t, 0*y + 2*t = -2*y + 19010. Is y prime?
False
Let v(r) = 3*r**2 + 27*r - 71. Is v(-24) prime?
True
Let z(t) = -t**3 + 6*t**2 + 8*t - 10. Let m be z(7). Let x be 19 + -2 + -1 + 3. Is m - 18*(2 - x) prime?
False
Suppose -3*y + 36 = -3*x, 0*x - 65 = -5*y + 4*x. Let s = 50 - y. Is s composite?
True
Let w(g) = -g**2 + g + 2. Let t be w(-1). Suppose t = 6*i - i. Suppose i = -3*k + 1500 - 63. Is k a composite number?
False
Suppose 0 = -n - n + 2. Let l be 63 - (-3 - 0)/n. Let x = l - -419. Is x a prime number?
False
Suppose 5*d = 3*p - 5, 7*d + 2*p = 2*d - 5. Let a be (3/(-9))/(d/102). Suppose